z**2 - 30*z + 9. Determine g(-5).
9
Let o(m) = 44*m - 982. Calculate o(30).
338
Let c(l) = -114*l + 1587. Give c(14).
-9
Let t(k) = -102*k + 43. Give t(4).
-365
Let v(f) = f + 164. Calculate v(34).
198
Let h(i) = -182*i + 5647. What is h(31)?
5
Let w(g) = 59*g + 243. What is w(-4)?
7
Let i(z) = z**3 - 29*z - 34. Determine i(0).
-34
Let a(v) = -v**3 + 9*v**2 - 18*v - 42. What is a(5)?
-32
Let c(u) = 406*u - 639. Calculate c(2).
173
Let r(a) = 288*a + 861. Give r(-3).
-3
Let n(p) = 86*p + 524. Calculate n(-6).
8
Let w(b) = 33*b + 2. Determine w(1).
35
Let d(g) = g**3 - 5*g**2 + g + 89. What is d(0)?
89
Let j(l) = -l**2 - 141*l - 4948. What is j(-74)?
10
Let i(l) = 2*l**3 - 78*l**2 + 218*l - 114. Give i(36).
-42
Let t(x) = -289*x - 19082. What is t(-66)?
-8
Let j(o) = o**3 - 26*o**2 + 22*o + 47. What is j(25)?
-28
Let g(i) = 17*i**2 - 1859*i + 588. Determine g(109).
-66
Let w(u) = 9*u**3 - u**2 - 8*u + 20. Give w(2).
72
Let d(b) = 2*b**2 - 55*b + 387. Calculate d(9).
54
Let u(v) = -2*v**2 - 323*v + 4163. What is u(12)?
-1
Let s(r) = 104*r - 16. Determine s(-1).
-120
Let l(y) = -6*y**3 - 18*y**2 + 67*y - 18. What is l(2)?
-4
Let t(c) = -4*c**3 + 7*c**2 + 89*c + 113. Calculate t(-4).
125
Let x(u) = -12*u + 28. Give x(-17).
232
Let i(p) = 9*p**2 + 186*p - 15. Calculate i(-22).
249
Let t(m) = -6*m**3 + 43*m**2 - m + 10. What is t(7)?
52
Let j(q) = 502*q**2 - 2513*q + 7. What is j(5)?
-8
Let s(h) = h**2 - 25*h - 371. Give s(-10).
-21
Let u(o) = -435*o + 381. Determine u(1).
-54
Let l(x) = 17*x**3 - 6*x**2 - x. Calculate l(2).
110
Let t(m) = 116*m - 18775. Determine t(162).
17
Let y(t) = 50*t - 2165. Calculate y(42).
-65
Let x(g) = -4*g**3 - 13*g**2 + 54*g - 24. Determine x(-6).
48
Let z(y) = y**2 - 51*y + 232. Give z(43).
-112
Let o(s) = -25*s + 322. What is o(17)?
-103
Let s(a) = 39*a**2 - 116*a - 20. Calculate s(3).
-17
Let j(s) = -2*s**2 - 41*s + 2496. What is j(-47)?
5
Let t(g) = 83*g + 2748. Determine t(-33).
9
Let s(u) = 2*u + 89. Calculate s(-32).
25
Let v(r) = 3*r**3 - 127*r**2 - 14*r + 2345. Give v(42).
-7
Let k(g) = -20*g + 12. Calculate k(1).
-8
Let i(x) = -26*x + 31. Calculate i(2).
-21
Let t(l) = -2*l**2 - 288*l + 353. Determine t(-145).
63
Let g(i) = -5*i**3 + 42*i**2 - 9*i - 6. Determine g(8).
50
Let p(s) = -19*s**2 + 50*s - 23. Determine p(3).
-44
Let f(j) = -45*j - 67. Give f(-5).
158
Let r(o) = 122*o + 601. Calculate r(-6).
-131
Let h(d) = d**3 + 5*d**2 - 33*d + 34. Determine h(-9).
7
Let f(x) = 153*x - 9. What is f(-2)?
-315
Let v(u) = -u**3 - 30*u**2 + 63*u - 5. Give v(-32).
27
Let v(u) = -u**3 + 62*u**2 - 61*u - 482. What is v(61)?
-482
Let r(z) = -3*z**2 + 101*z - 72. Calculate r(31).
176
Let y(m) = m**2 + 21*m + 1. Determine y(-2).
-37
Let i(o) = 149*o + 2544. Determine i(-17).
11
Let a(w) = -36*w + 922. Determine a(16).
346
Let n(g) = 76*g**2 - 2*g - 13. What is n(-3)?
677
Let q(c) = -5*c**2 - 325*c + 2039. Give q(6).
-91
Let x(h) = 11*h**2 - 162*h + 75. What is x(14)?
-37
Let q(m) = -m**2 + 80*m + 271. What is q(-3)?
22
Let f(k) = 4*k**2 - 117*k + 654. Determine f(6).
96
Let s(r) = r**2 - 14*r + 5. Give s(15).
20
Let f(b) = 165*b - 151. What is f(1)?
14
Let w(s) = -550*s + 51139. What is w(93)?
-11
Let q(u) = -5752*u + 28767. Calculate q(5).
7
Let d(m) = -1086*m + 8643. Calculate d(8).
-45
Let s(n) = 3*n**3 - 36*n**2 + 65*n - 37. Determine s(10).
13
Let h(m) = m**3 + 16*m**2 + 29*m + 30. Calculate h(-13).
160
Let l(h) = -288*h + 1155. Determine l(4).
3
Let n(q) = 7030*q - 42160. Give n(6).
20
Let i(r) = 31*r**3 + 4*r**2 + 3*r - 1. What is i(1)?
37
Let f(w) = -w**3 + 54*w**2 - 2*w + 92. What is f(54)?
-16
Let a(u) = -u**3 + 3*u**2 + 3*u - 24. Calculate a(0).
-24
Let x(u) = -206*u + 5752. What is x(28)?
-16
Let c(w) = 25*w - 346. Calculate c(15).
29
Let k(m) = 2*m**3 - 28*m**2 + 9*m - 72. What is k(14)?
54
Let c(g) = 5*g**2 + 25*g + 108. What is c(-12)?
528
Let b(y) = 299*y - 1035. What is b(4)?
161
Let d(z) = 29*z - 5. Give d(1).
24
Let a(m) = 33*m**3 + 4*m**2 - 6*m - 8. What is a(-1)?
-31
Let b(g) = 36979*g + 36963. Determine b(-1).
-16
Let j(b) = 406*b - 17. Calculate j(0).
-17
Let q(m) = m**2 - 29*m + 163. What is q(7)?
9
Let s(v) = -v**3 - 4*v**2 + 2*v + 10. Calculate s(-8).
250
Let c(z) = 104*z - 437. Give c(4).
-21
Let s(f) = -27*f**3 - 11*f**2 - 13*f - 1. Determine s(-1).
28
Let v(w) = 3*w**3 - 4*w**2 - 22*w + 19. Give v(3).
-2
Let r(w) = -351*w + 16106. What is r(46)?
-40
Let x(u) = -u**2 - 8*u + 14. Give x(5).
-51
Let a(j) = -17*j**2 + 197*j - 486. Calculate a(8).
2
Let s(t) = -24*t + 641. What is s(29)?
-55
Let k(o) = -2*o - 76. What is k(-61)?
46
Let s(q) = -1035*q + 6251. What is s(6)?
41
Let c(f) = f**3 + 100*f**2 - 70*f + 3141. Give c(-101).
10
Let m(d) = 1347*d + 20204. Determine m(-15).
-1
Let t(x) = 199*x + 1198. Determine t(-6).
4
Let y(q) = 715*q - 2039. Give y(3).
106
Let r(q) = -q**3 - 25*q**2 + 49. What is r(-25)?
49
Let q(x) = -x**2 + 12*x + 86. Calculate q(17).
1
Let q(s) = -s**2 - 15*s + 3024. Calculate q(-63).
0
Let c(g) = g**3 - 34*g**2 + 41*g - 1355. Determine c(34).
39
Let h(j) = 46*j - 358. Determine h(12).
194
Let j(r) = 17*r + 445. Calculate j(-26).
3
Let t(o) = -460*o - 7293. Calculate t(-16).
67
Let q(g) = -4*g**3 + 10*g**2 - 11*g - 24. Determine q(4).
-164
Let j(v) = -2*v**3 + 14*v**2 - 12*v + 9. Determine j(4).
57
Let c(u) = -116*u**2 + 816*u - 24. What is c(7)?
4
Let m(f) = 80*f - 864. Calculate m(20).
736
Let d(y) = -2218*y - 11075. What is d(-5)?
15
Let y(p) = p**3 + 2*p**2 - 17*p - 7. What is y(-5)?
3
Let t(s) = 165*s - 187. What is t(1)?
-22
Let f(g) = 14*g**3 - 99*g**2 - 8*g + 10. Give f(7).
-95
Let s(j) = j**3 - 67*j**2 - 144*j + 5136. What is s(68)?
-32
Let f(m) = 10*m**2 + 711*m + 64. Give f(-71).
-7
Let m(a) = a - 927. Determine m(-32).
-959
Let r(s) = 2*s - 44. Determine r(23).
2
Let m(l) = -l**3 - 11*l**2 - 4*l + 15. Determine m(-12).
207
Let f(g) = -g**3 - 23*g**2 - 49*g - 3. What is f(-22)?
591
Let g(k) = 10*k**2 - 1083*k - 3257. Determine g(-3).
82
Let h(q) = -1849*q - 53625. Calculate h(-29).
-4
Let g(a) = 2*a**2 + 23*a - 1175. Determine g(19).
-16
Let u(t) = -t**3 + 5*t**2 + 116*t - 86. Give u(-9).
4
Let q(j) = j**3 - 14*j**2 + 50*j + 3. Give q(6).
15
Let m(o) = -5*o - 74. Give m(-28).
66
Let j(l) = -46*l + 312. What is j(7)?
-10
Let f(t) = -390*t**2 + 2341*t - 6. Give f(6).
0
Let n(a) = -a**3 - 21*a**2 - 17*a + 58. Determine n(-19).
-341
Let z(b) = 76*b - 1411. Give z(17).
-119
Let m(p) = -5*p**3 + 157*p**2 + 266*p - 52. Calculate m(33).
14
Let t(p) = -2*p**2 + 448. What is t(-17)?
-130
Let i(a) = -4*a - 54. What is i(-10)?
-14
Let j(g) = -48*g - 2246. What is j(-47)?
10
Let m(n) = 6*n**2 - 410*n - 720. Give m(70).
-20
Let g(t) = 5*t**3 + 26*t**2 + 17*t + 38. Calculate g(-5).
-22
Let v(x) = x**3 + 31*x**2 - x - 107. What is v(-31)?
-76
Let l(m) = -m**3 - 54*m**2 + 385*m + 1468. Determine l(-60).
-32
Let b(l) = 2087*l - 227479. Give b(109).
4
Let x(n) = n**3 - 38*n**2 - 37*n + 1400. Give x(38).
-6
Let b(x) = 11*x**2 - 271*x - 270. Determine b(-1).
12
Let o(z) = 5357*z + 198209. Calculate o(-37).
0
Let p(z) = -57*z + 10. What is p(-11)?
637
Let a(w) = 75*w - 484. Give a(6).
-34
Let m(x) = 2*x**2 - 924*x - 6568. Give m(469).
-2
Let d(b) = -b**3 + 10*b**2 - 17*b + 27. Calculate d(5).
67
Let c(w) = 3*w**2 - 235*w + 3359. Calculate c(19).
-23
Let n(m) = 65*m**2 - 136*m + 22. What is n(2)?
10
Let p(f) = 164*f + 6247. Calculate p(-38).
15
Let p(w) = -809*w**2 + 12942*w + 26. Give p(16).
-6
Let v(n) = 2*n**3 - 35*n**2 - 25*n + 134. What is v(18)?
8
Let j(c) = -11*c + 993. What is j(90)?
3
Let x(z) = 39*z + 3. What is x(3)?
120
Let h(g) = -15679*g - 62716. Determine h(-4).
0
Let n(b) = b**2 - 10037*b - 20069. What is n(-2)?
9
Let v(s) = -40*s - 666. Calculate v(9).
-1026
Let a(k) = -15*k + 339. Determine a(40).
-261
Let o(a) = a**2 - 21*a + 64. Calculate o(3).
10
Let c(o) = -84*o - 118. Determine c(1).
-202
Let h(z) = 12*z**3 - 71*z**2 + 124*z - 769. Give h(6).
11
Let c(d) = -289*d + 1435. Calculate c(5).
-10
Let m(w) = 2*w**3 + 31*w**2 + 142*w - 15. Determine m(-11).
-488
Let v(i) = 109*i**2 + 4791*i - 220. Determine v(-44).
0
Let v(s) = s**2 + 12*s - 4. Give v(-8).
-36
Let m(n) = 14*n + 10. Give m(-1).
-4
Let h(b) = -271*b**2 + 853*b - 128. Determine h(3).
-8
Let s(k) = -k**2 -